- 5064, -4*r = 3*b - 3797. Is b a prime number?
False
Let m(g) = -4*g**2 + 14*g**2 + 15*g - 30*g + 5*g**3 - 1. Let n(a) = 3*a**3 + 5*a**2 - 8*a - 1. Let b(j) = -4*m(j) + 7*n(j). Is b(6) a prime number?
False
Suppose 0 = 53*a - 527340 - 22220737. Is a composite?
True
Let w(x) be the second derivative of -x**5/10 + x**4/3 - 7*x**3/6 + 23*x**2/2 - 25*x + 2. Is w(-12) a composite number?
False
Is (71580870/120)/(46/8 - 5) a prime number?
True
Let q = 13979 + -10842. Is q prime?
True
Let q(g) = g**3 + 26*g**2 - 9*g + 6. Let z be q(-26). Suppose 0 = -3*a + 357 + z. Is a composite?
False
Let m = 3153 - -50174. Is m prime?
True
Let t = -184259 + 279940. Is t composite?
True
Suppose 19 = 13*l - 7. Suppose t - 1036 = -l*i - i, -5*t + 2*i + 5214 = 0. Is t a prime number?
False
Let b = -22338 + 83669. Is b composite?
False
Suppose -4*s + q + 5 = 0, 0*q + 15 = 5*q. Suppose 4*d - s*d = -5*d. Suppose d*p = -2*p + 3*u + 1633, -1648 = -2*p - 2*u. Is p prime?
True
Is 13 - (-45786 + (12 - 4)) prime?
False
Suppose -f = 3*x - 17, -2*f - f + x + 21 = 0. Let k be (0 - f)*(3 + (-42)/12). Suppose -3*s + w = -445, -k*s + 4*w - 2*w = -592. Is s a composite number?
False
Is ((-510981)/(4/4))/(-2 + -1) composite?
False
Suppose 2*n - 3*n = 0, 0 = -4*q - 5*n - 2916. Is (3 + -7 - -7) + (2 - q) a composite number?
True
Is ((-42)/(-126))/(3/(-2)) - (-721462)/18 composite?
True
Suppose 6*g = g - 3110. Suppose 0 = -12*a - 21871 + 3115. Let f = g - a. Is f prime?
True
Let d(r) = -4*r + 79. Let f be d(-7). Suppose -3*l - l = -c + f, 3*l = 15. Is c a composite number?
False
Let r be ((-3)/(18/(-4772)))/(2/(-3)). Let w = 1692 + r. Is w a composite number?
False
Suppose 0 = 2*t + 21 - 25. Suppose 3*s = b - 1285 - 878, -s + 4312 = t*b. Suppose -c = -4*c + b. Is c a composite number?
False
Let g be (2/4)/(3/(-42))*-179. Suppose -3*v + 5*n + 4103 = 0, -5*v + 5*n + g = -5572. Is v composite?
False
Suppose 7*a - 4683306 = -2*r + 486775, a - 738609 = -4*r. Is a a prime number?
True
Let p be 13 + -16 + (0 - (7212 - 3)). Let j = p + 11441. Is j a composite number?
False
Let l(c) = c**3 + 11*c**2 + 9*c + 3. Let g(v) = 5*v + 2. Let d be g(0). Suppose -18 = 5*o + d. Is l(o) a prime number?
True
Suppose 5*x - 10 = 5*a, -6*a = -9*a + 5*x. Let c be a/15*-4281 + (-2 - -2). Suppose -l + c = -4*r, -l + 3*r = 414 - 1844. Is l a composite number?
False
Let i(v) = -1308*v + 29. Let g(k) = 9*k + 50. Let n be g(-6). Is i(n) prime?
True
Suppose 3*v - 17138 - 52792 = -2*x, 23310 = v - 4*x. Suppose v = 6*i + 4800. Is i a prime number?
False
Suppose -5*q - 2*i = -3*i - 1490312, -8*i + 24 = 0. Is q a composite number?
False
Let j = -227 - -226. Is 3119*((-12)/(-6) + j) a prime number?
True
Let c = 77 + -217. Is 49720/14 + 60/c a prime number?
False
Let c(j) = -23*j**3 + 5*j + 17. Let w be c(6). Let v = -9607 - -16501. Let t = w + v. Is t a prime number?
True
Is 34289/(12/(-15) + 1) + -25 + 19 prime?
True
Suppose -186*q = 171*q - 277*q - 131411920. Is q prime?
True
Suppose 4*v = 4*y - 26931 - 123493, -2*y = 2*v - 75216. Is y a composite number?
False
Suppose -2*g - 3*u - 18 - 6 = 0, 0 = 3*g - 3*u + 6. Let x(f) = -165*f + 3. Let o be x(g). Suppose -442 = -5*z + o. Is z composite?
True
Suppose -2*z + 201 = 11. Let d be (-20)/(-8)*(-8)/(-10). Suppose -q + z = -i, 5*q - 5*i - 281 = d*q. Is q prime?
True
Suppose -20*k + 978657 + 6409483 = 0. Is k a composite number?
False
Suppose 0 = 48*l - 395*l + 6659971. Is l composite?
True
Let g(l) = l**2 - 14*l + 13. Let m be g(13). Let n(z) = -z**3 + z**2 + 4*z + 6145. Is n(m) a composite number?
True
Let t = 3434 + -7260. Let b = t - -13439. Is b composite?
False
Suppose 4*w = 7*w - 6. Suppose -x = -q + 6*q - 316, w*x + 2*q = 600. Let c = 715 - x. Is c a composite number?
False
Is (49227712/(-36))/(-16) - 6/(-27) a composite number?
True
Let i = -7852 - -188063. Is i a composite number?
False
Let k(l) = l**2 + 11*l + 19. Let i be ((-30)/20)/((-3)/4). Suppose r - 2*s + 6 = s, 3*r = i*s - 39. Is k(r) a prime number?
True
Let o = 12 - 11. Is (-1317*((-115)/(-3))/(-5))/o composite?
True
Suppose -3*m = -2*m + 3*m. Suppose 0 = 5*i - m*i + 3*w - 645, i - 4*w = 129. Is i a prime number?
False
Let i(g) = 2366*g**2 - 158*g - 4609. Is i(-24) a composite number?
False
Let v(p) = -2*p + 1. Suppose -4*a = 2*j - 17 + 3, 4*a = 12. Let s be v(j). Is (-2)/s - 3 - -260 composite?
True
Let d = 3133 + -1863. Suppose 12*l = 7598 + d. Is l a composite number?
False
Suppose -4*q + 28991 = -2*f - 8203, -2*q + 3*f + 18591 = 0. Suppose q = 5*x + 5*p, 30*x - p + 7455 = 34*x. Is x prime?
False
Suppose -36*h - 1455935 = -4959275. Is h a composite number?
True
Let x = -1513 - -656. Let d = -584 - x. Is (d/(-6) - -1)*-22 composite?
True
Suppose 0 = -2*m - 35627 + 45969. Is m a prime number?
True
Suppose 0 = -4*l - 31*d + 36*d + 49306, 4*l + d - 49270 = 0. Is l a composite number?
True
Let z = -52962 + 110861. Is z composite?
False
Let p(w) = 4*w**3 - 18*w**2 - 10*w + 10. Let m(q) = 5*q**3 - 17*q**2 - 10*q + 11. Let h = -40 + 45. Let x(z) = h*m(z) - 6*p(z). Is x(-19) a composite number?
False
Suppose -5*u - 48147 = 15663. Is u/(-15) + 1*2/10 a composite number?
True
Let b = 660 + -342. Let c = -97 + b. Is c composite?
True
Suppose 21219478 = 2045*n - 2031*n. Is n a composite number?
True
Suppose 32040 = -5*y + 2*b - 7*b, 0 = -5*b - 25. Let c = -2206 - y. Is c a composite number?
True
Suppose 0 = 47*r - 1205345 - 641426. Is r a prime number?
True
Suppose 2*b + 5412 = -b. Let f = -736 - -397. Let k = f - b. Is k a prime number?
False
Suppose 716*s - 359*s - 351*s = 253686. Is s composite?
False
Suppose -19 = -8*v + 45. Let q be (3/(-6)*v - -5)*5. Let b(j) = 60*j - 7. Is b(q) prime?
True
Let i = -144013 + 345822. Is i prime?
True
Let b = 680 + -208. Let y = -122 + b. Suppose 5*m - y = -2*u, u + m = -0*m + 181. Is u a prime number?
False
Suppose -1459*w - 971224 = -1467*w. Is w composite?
False
Suppose 3 = -3*g, 3*k = -2*k - 5*g + 863430. Is k a prime number?
True
Suppose x = 0, -28*x = -2*t - 26*x + 98. Suppose 62*o - 10153 = t*o. Is o prime?
False
Let r(z) = 1428*z**2 - z. Let c(y) = y**3 + 8*y**2 + 7*y - 1. Let t be c(-7). Let b be r(t). Suppose -506 = x - b. Is x prime?
False
Suppose -104*j + 35431707 = -17*j. Is j prime?
False
Suppose -5*h + 368983 = -3*v, 31*h - 5*v = 34*h - 221349. Is h a prime number?
False
Let b = 50009 + -20410. Is b a composite number?
False
Let w = 4114 - -62048. Is (w/(-10))/((-108)/180) composite?
False
Suppose 0 = -3*h + 5*p - 1, -h - p = -2*p + 1. Let m be 9 - 0*(h/(-1) + -1). Suppose -m*w + 9148 - 931 = 0. Is w composite?
True
Let t be 4/(-42) - 1192/(-168). Suppose 0 = t*x - 3*x. Suppose 0 = n - x*n - 2279. Is n a composite number?
True
Suppose -a + 5*j + 668275 = 0, 0 = 5*a - 4*j + 369348 - 3710597. Is a a composite number?
True
Let f(r) = -18147*r - 6337. Is f(-20) composite?
True
Suppose 3*n = -2*u - 8346, 10*u + 13915 = -5*n + 5*u. Let l = n - -8594. Suppose 0 = 5*a - l - 701. Is a a composite number?
False
Let s = -434 + 437. Let p(f) = -2*f**3 + 2*f**2 - 2*f. Let d be p(2). Is 97*(3/s - d) a prime number?
False
Suppose 5*l - 2*t - 31 = 0, -3*l - 2 = 4*t - 5. Let n be 3 + l - (-4)/(-2). Is 80 - 4/((-8)/n) prime?
True
Suppose -42*p - 3*f + 16 = -38*p, -4*p + 16 = -f. Suppose 0 = -p*q + r + 22672, -56*q - 3*r = -54*q - 11350. Is q prime?
True
Suppose -69*p + 103*p - 172513024 = -222*p. Is p a prime number?
True
Is (-4049)/(513/261 + 2/1*-1) a composite number?
True
Suppose -55611194 = -10319*z + 10273*z. Is z composite?
False
Let u = 14561 + -4204. Is u composite?
False
Let c be (-3 - (-1 - (-21)/(-6)))*2. Let n be (-8)/(-28) - ((-9432)/14 - 3). Suppose 1384 = c*u - n. Is u composite?
True
Suppose 0 = -9*r + 2394 + 5058. Suppose -4*v + 712 = -5*a, -5*v - 3*a = -62 - r. Suppose -4*w = -3*w - v. Is w prime?
False
Suppose -75 = -7*g + 2*g. Suppose 3*d - g = 6*d, -s + 5 = -d. Suppose s = 4*q - 0*q - 388. Is q a composite number?
False
Let s = 201067 + -89464. Is s a composite number?
True
Let w be 5 + 1 + 1 + -1. Let c(p) = -28*p - 1408. Let o be c(-63). Suppose w*u + o = 10*u. Is u composite?
False
Let g(o) = 22*o**2 - 11*o - 7. Let l(w) = 21*w**2 - 12*w - 6. Let u(k) = 5*g(k) - 4*l(k). Is u(-8) a prime number?
True
Suppose -3*b = 12*b - 30765. Suppose 41*v - 17670 = b. I